 3*r = 0. Let b(f) = 3*f**2. Let u be b(1). Let v(k) = -2*k**3 + 7 - 1 + 6*k**2 + k**3 - 8*k + u*k. What is v(d)?
6
Let a = -12 - -5. Let o be a + (-4 - -2) + 4. Let y(k) be the first derivative of k**4/4 + 4*k**3/3 - 3*k**2 - k + 2. Determine y(o).
4
Let u(f) = 15 - 9 - 4 + 3*f. Calculate u(-2).
-4
Let d = -1 + -8. Let y(g) = -g**2 - 9*g + 5. Let n be y(d). Let j(r) = 0 - r**3 - r**2 + 6*r**2 - r - n*r + 6. What is j(4)?
-2
Suppose 5*a = -2*p + 21, 6*p - 3*p = 3*a. Let f(k) be the third derivative of k**4/24 - 2*k**3/3 - 4*k**2. What is f(p)?
-1
Let r(k) = -13*k + 28. Let l(t) = -8*t + 19. Let o(v) = -8*l(v) + 5*r(v). What is o(-8)?
-4
Let v(j) = -j - 7. Let q be v(-9). Let u(i) be the first derivative of -3*i**q + 1 + 1/3*i**3 + 6*i. Give u(4).
-2
Let i(p) be the third derivative of 0*p + 0*p**3 - 3*p**2 - 1/24*p**4 + 0. Determine i(1).
-1
Suppose 2*p + 3*q + 2 = 0, -2*p + 3*q = q - 18. Let i = p + -5. Let j(v) = -v + 3. Give j(i).
3
Suppose -8*g + 64 = -0*g. Let l(n) = -2*n + 9. What is l(g)?
-7
Suppose 0 = q - 7*q - 18. Let t(x) = -5*x + 2. Give t(q).
17
Let h be ((-15)/(-9))/(3/(-9)). Let f(g) = g**2 + 4*g + 3. What is f(h)?
8
Let n(c) be the third derivative of c**4/6 + c**3/2 - 34*c**2. What is n(-3)?
-9
Suppose 7 = -5*m + 22. Let w(j) = 2*j - 3*j**m - j**2 + 4*j**3 + 2 + 7*j**2 + 0*j. Give w(-6).
-10
Let f(m) be the third derivative of m**4/12 - 2*m**3/3 + 3*m**2. Let b be 2*-1 + 6 - -1. Suppose b = -p - h - h, 5*p - 2*h - 35 = 0. Give f(p).
6
Let y(h) = -h**3 + 5*h**2 + h - 1. Let u(n) = -2*n - 3. Let k be u(-4). What is y(k)?
4
Suppose d = -3*r + 5*d - 1, -5*r + 5*d + 5 = 0. Let m(o) = 7 + 4*o - 4*o**2 - o + 2*o**2 + 3*o. What is m(r)?
-13
Let l(u) = -17*u - 13*u + 5*u**2 + 31*u - u**3. Calculate l(5).
5
Let h(q) be the second derivative of q**5/20 + q**4/2 + 5*q**3/6 + 5*q**2/2 + q. Suppose -6 = -2*r + 3*x, 0*r - 3 = -r + 3*x. Suppose -d - 20 = r*d. Give h(d).
5
Let j(s) = s**2 - 2*s - 3. Let d(g) = 2*g + 15. Let r be d(-10). Let n = r + 8. Give j(n).
0
Let c be ((-1)/(-1))/(3/9). Suppose c*a = -2*a. Let v be -2 + 1*(2 - a). Let i(d) = -d - 2. Calculate i(v).
-2
Let h = -4 + 3. Let f(d) = -5*d - 1. Let w be f(h). Let a(t) = -2*t. What is a(w)?
-8
Let j(a) = a + 12. Let o = 75 - 81. Determine j(o).
6
Let p be (-2)/1 + 6/1. Let w(u) = u**2 + u. Let l(c) = -5*c**2 - 2*c - 6. Let i(x) = -l(x) - 4*w(x). Calculate i(p).
14
Let j(v) = -2*v**2 + 9*v - 3. Let k(w) = 2*w**2 - 8*w + 3. Let m(s) = -5*j(s) - 6*k(s). Determine m(2).
-5
Let h(c) = 5*c - 3*c - 9 + 0*c. Calculate h(8).
7
Let d be 10/4*4/10. Let i(w) = 6*w + 1. Calculate i(d).
7
Let k(g) = -g - 1. Let u(i) = 3. Let n(l) = -k(l) - u(l). Give n(-3).
-5
Suppose 2*v - 13 + 21 = 0. Let h(u) = -4*u + u + 4*u. What is h(v)?
-4
Suppose -4*g + 2*m = -10, 0 = g - 4*m + 9 + 6. Let j(h) = 10*h + 2. Let r(i) = 11*i + 3. Let v(c) = g*r(c) - 6*j(c). Let d = 10 - 8. What is v(d)?
-7
Suppose -15 = -5*d + 10. Let b(a) = a**2 - 4*a - 4. Give b(d).
1
Suppose c - h + 5 = 0, 2*h = 4*c + 14 - 2. Let y(r) = -3*r**3 - r - 1. Let t be y(c). Let s(z) = -2*z + z**2 - t*z + 6*z - 9. What is s(0)?
-9
Let r(a) = -8*a - 16. Let d(f) = 3*f + 8. Let g(l) = 5*d(l) + 2*r(l). Calculate g(9).
-1
Let p(k) = -k**3 - 4*k**2 + 7*k + 4. Let a be 10/3*(-24)/(-20). Let q = -9 + a. Give p(q).
-6
Let l = -2 + 4. Let v(s) = 0*s**2 + 57*s - 6*s**2 - 1 + 3*s**2 - 55*s. Give v(l).
-9
Let a(k) be the third derivative of -1/6*k**3 - 1/60*k**5 + 4*k**2 + 0 + 0*k + 1/12*k**4. Give a(3).
-4
Let m(h) be the first derivative of -h**4/12 - h**3 + 3*h**2/2 + 3*h - 2. Let q(j) be the first derivative of m(j). Give q(-6).
3
Let v = -7 - -12. Let c(i) = 7*i**3 + 13*i**2 + 13*i + 9. Let l(h) = -3*h**3 - 6*h**2 - 6*h - 4. Let z(w) = v*l(w) + 2*c(w). Calculate z(-3).
1
Let y = 5 - 5. Let d(z) = -z**2 - 32 + 2*z + 47 - z. What is d(y)?
15
Suppose -5*z = -0*z. Let d(t) = 4 - 4*t + 5*t**2 + z*t + 0*t - t**3. Calculate d(4).
4
Let t(y) = 2*y. Suppose -p + 5*j = -3, 6*j + 6 = 2*p + 2*j. Suppose f = 4*k + 10, -3*f + 1 - p = 4*k. Calculate t(k).
-4
Let p(q) = -5*q - 1. Let g(k) = -4*k - 2. Let t(o) = -6*g(o) + 5*p(o). Determine t(-5).
12
Let n(d) = -d**3 - 4*d**2 - 2*d - 6. Suppose -4*c = -0*c - 12. Let h be 8/(-10)*(c - -2). Determine n(h).
2
Let h(g) = -16*g - 5. Let j(p) = -p - 1. Let v(o) = h(o) - 4*j(o). Determine v(-1).
11
Let h(m) = -2 + 2*m + 1 - 2 + 7. Give h(-6).
-8
Let b(k) = 218*k**3 + 4*k + 2 - 105*k**3 - 114*k**3 + 4*k**2. Calculate b(5).
-3
Let s be (8 - 1)*(-1 - 0). Suppose 0 = 16*p - 12 + 44. Let v = s - p. Let i(b) = -b**3 - 5*b**2 - 5. Calculate i(v).
-5
Let i(j) = j + 4. Let g(n) = -n - 5. Let q(k) = 2*g(k) + 3*i(k). Let t(m) = 3*m + 6. Let u(f) = -17*q(f) + 6*t(f). Let b = 117 + -112. Give u(b).
7
Let z(f) = 2*f + 8. Let u(w) = -w**3 + 7*w**2 - 7. Let r be u(7). What is z(r)?
-6
Let p = -10 - -18. Let b(z) = z**2 - 8*z + 12. Determine b(p).
12
Let q(t) = t**3 + t**2 + t - 2. Let y(v) = v**2 - 6*v + 6. Let w be y(4). Determine q(w).
-8
Let m(i) be the first derivative of 3 + 1/12*i**4 + 0*i**3 - 1/2*i**2 + i. Let y(d) be the first derivative of m(d). Calculate y(2).
3
Let s(a) = a. Let c be s(1). Let x(v) = -4 + 2 + 2*v + 6*v**2 + 1. Determine x(c).
7
Let d(j) = -9*j - 1. Suppose -3 = -5*a + 2. What is d(a)?
-10
Let b(r) = r**3 - 5*r**2 + 2*r + 3. Let o be b(4). Suppose 2*y - 4*g + 4 = -5*g, 2*g = -y + 1. Let a = y - o. Let p(i) = 2*i**2 - i - 1. Determine p(a).
5
Let f(p) = 3*p**2 - p - 3. Let m(u) = -u**2. Let z(l) = -f(l) - 2*m(l). Give z(3).
-3
Let w(b) = b - 4 + b**2 + 9 - 4. Let p = -9 - -9. What is w(p)?
1
Let x(s) = -s**3 - s**2 - s - 1. Let d(f) = -7*f**3 - 3*f**2 - 5*f - 7. Let r(u) = d(u) - 6*x(u). Determine r(3).
2
Let r(w) = 5*w + 6 - 8*w + 0. Let m(n) = -n**3 + 7*n**2 + 8*n - 2. Let g be m(8). Let p be (g/(-4))/(1/8). Give r(p).
-6
Let d(c) be the first derivative of -3*c**2/2 - 1. Determine d(4).
-12
Let m(k) = -4*k**2 - k - 13. Let j(r) = -r**2 - 3. Let v(b) = -9*j(b) + 2*m(b). Suppose -2*n = 2*t + 4, 5*t = n + n - 31. Determine v(n).
4
Let x(t) = t**3 - 12*t**2 + t - 10. Let l be x(12). Let f(n) = l*n - 2*n + n**2 - n. Let o be 1*((-6)/(-3) + 2). Determine f(o).
12
Let g(f) = f**2 + 5*f + 3. Let i be 14/3 + 2/6. Suppose -i*w - l - 15 = -0*l, l - 15 = 5*w. What is g(w)?
-3
Let s(h) = h**3 - 22*h**2 + 3*h - 70. Let o be s(22). Let g(n) = n**3 + 3*n**2 - 2*n - 4. Let f be g(-3). Let p(w) = w - f*w + 0*w - 3. Determine p(o).
1
Let d(x) = x**3 - x**2 - x. Let k be (-6)/(-4)*(-5 - -1). Let m(n) = -5*n**3 + 2*n**2. Let y(a) = k*d(a) - m(a). Calculate y(5).
5
Let y(z) = -z**3 + 3*z**2 + z + 3. Let o be y(3). Suppose -2 = 2*l + 3*f - 6, -o = -3*f. Let s(h) = 2*h**2. Give s(l).
2
Let m(w) = w**3 + 9*w**2 - 2*w - 4. Let r(c) = -c**3 - 10*c**2 + 2*c + 4. Let o(l) = 6*m(l) + 5*r(l). Determine o(-4).
4
Let r(s) = -s + 1. Let k(l) = l**2 + 2*l + 4. Let w(a) = -k(a) - 2*r(a). Determine w(0).
-6
Suppose -5*w = -2*w. Let a(r) = -r - 2. Calculate a(w).
-2
Let z = 16 - 10. Let h be 4/(-3) + (-1)/(-3). Let r = h + z. Let b(i) = -i**2 + 4*i - 2. What is b(r)?
-7
Let a(p) be the first derivative of 9*p**2/2 + p - 5. Determine a(-1).
-8
Let a(o) be the first derivative of -6*o - 4/3*o**3 + 5/2*o**2 - 1/4*o**4 - 7. Let x be 2/1 - 7/1. Give a(x).
-6
Let a(y) = -10*y**2 + 5*y - 5. Let o(n) = 14 + 12*n**2 - 8*n - 6*n + 17*n**2. Let t(p) = 17*a(p) + 6*o(p). What is t(1)?
4
Let u be ((-1518)/150)/11 + 6/(-75). Let o(q) be the first derivative of q**4 + q**3/3 + q**2/2 + q + 1. Give o(u).
-3
Let p be (4/3)/(2/6). Let j(q) = -4*q**2 - q**2 + p*q**2 - 3*q**2 + 1. Give j(-1).
-3
Let w(h) = h - 1. Let g be -3 + ((-1)/1 - 0). Let q be 1 - ((g - 0) + 3). Suppose 5*k + 25 = 0, q*v - k = -v + 11. What is w(v)?
1
Let d(o) = o**2 - 6*o + 1. Suppose 4*l - 74 = -5*n + 68, -2*n = -l - 62. Suppose -4*q + n = q. What is d(q)?
1
Let z(v) be the first derivative of -v**5/60 + 5*v**4/24 + 5*v**3/6 + v**2/2 + 10. Let r(g) be the second derivative of z(g). Calculate r(5).
5
Let w = -11 + 14. Let j(r) = 0*r**3 - 4*r - 3*r - 7*r**2 - 4 + 0*r - r**w. Calculate j(-6).
2
Let u(h) = 5*h. Let x be ((-12)/(-16))/((-2)/8). Let k(j) = j**2 + 2*j - 4. Let g be k(x). What is u(g)?
-5
Let h(u) be the first derivative of u**2/2 - u + 35. Determine h(3).
2
Let f(z) = -1 + 3 + z*